**2 + m - 5. Let s be r(-4). Suppose s*f + 857 = 2789. What is the highest common factor of f and 12?
12
Let r(b) = 1144*b + 16108. Let d be r(-14). Let u(a) = 19*a + 5. Let p be u(7). Suppose -4*m + p = -m. What is the highest common divisor of m and d?
46
Let a(p) = 3*p**2 - 510*p + 1052. Let l be a(168). What is the greatest common divisor of l and 902?
22
Let j(n) = -7*n**2 - 51*n - 27. Let z(d) = 10*d**2 + 76*d + 39. Let k(t) = -7*j(t) - 5*z(t). Let p be k(-22). Calculate the highest common divisor of p and 432.
16
Let x be ((-3)/(-11))/(31/341) + -7 - -30. Calculate the greatest common divisor of 11258 and x.
26
Let g(m) = m**2 + 408*m + 2816. Let h be g(-7). What is the highest common divisor of 1248 and h?
3
Suppose 24*o - 946 - 537 = 2141. What is the greatest common divisor of 2 and o?
1
Let m(a) = a**2 - 36*a - 341. Let k be m(-9). Let z be (-4 + 6 - 0)*6. Calculate the highest common factor of k and z.
4
Let c be 64/4*((-3045)/14)/(-15). Calculate the greatest common factor of 26216 and c.
232
Let z(a) = a**3 - 28*a**2 + 39*a + 9. Let q = 123 + -96. Let i be z(q). What is the highest common divisor of 9 and i?
9
Suppose 0 = 4*t + 4*k - 420, -3*k = -3*t + 304 + 29. Suppose 2*r = 111*v - t*v + 358, -2*v = 5*r - 914. What is the highest common divisor of r and 52?
26
Let a be ((-8)/6)/(1/(-42)). Suppose -276 + 6156 = 35*n. Calculate the highest common factor of n and a.
56
Let p = 219 + -210. Suppose 15*s = p*s + 360. What is the highest common factor of s and 90?
30
Suppose -r + 15*r = r. Let q be r - (-135)/2*(-4)/(-3). Suppose -115 = -4*h - 5*y, 81 = 3*h + y - 8. What is the highest common divisor of h and q?
30
Let l be 4*12/16*2576/24. Calculate the greatest common divisor of 70 and l.
14
Suppose 3*k = 30 + 75. Suppose 3*r + 3*y = -777, 0 = y + 3. Let g = 277 + r. What is the highest common factor of g and k?
7
Let r = -23064 - -23212. Calculate the greatest common divisor of r and 10804.
148
Let r(j) = 4*j - 5. Let d be r(0). Let v(c) = -5*c - 17. Let x be v(d). Suppose -x*i + 13*i - 15 = 0. What is the greatest common divisor of 30 and i?
3
Suppose -1518*x = -1513*x - 12360. Calculate the highest common factor of 12 and x.
12
Let r(m) = -m**3 + 5*m**2 - 5. Let w be r(5). Let g be 36/w - 14/(-70). Let k be 7*g*32/(-112). Calculate the greatest common divisor of 14 and k.
14
Let g = 6410 + -6291. Let a = 239 + -171. Calculate the highest common factor of a and g.
17
Let f be ((-6)/7)/((-2)/140). Suppose 3*g = 4*z - 522, -2*g + g + 398 = 3*z. What is the greatest common divisor of z and f?
12
Let t = 28 + -37. Let l be 8 + (1 - t/(-3)) - -2. Suppose 14*z - 16*z + 24 = 0. Calculate the greatest common divisor of l and z.
4
Suppose -4*p = -872 + 68. Let t be (-336 + 135)/(3/(-4)*1). Calculate the highest common factor of p and t.
67
Suppose 79*d + 1075 = 84*d - 4*w, w = 5. Calculate the highest common factor of 146 and d.
73
Let i(x) = 3*x + 3. Let z be i(3). Let g = -5870 - -6002. Calculate the greatest common divisor of z and g.
12
Let k(p) = 8*p - 37. Let f be k(11). Let y = f - 47. What is the greatest common factor of 68 and y?
4
Let m(a) = 7*a - 25. Let j be m(19). Let g = 119 + -119. Suppose 10*u - 24 - 16 = g. What is the highest common factor of j and u?
4
Let x be ((-336)/10)/((42/(-7))/30). Let j be 4/42 - 10*(-1040)/x. What is the highest common factor of 217 and j?
31
Suppose -4*u + 288 = 2*s, 9*s - 5*u = 10*s - 138. Calculate the highest common factor of 370 and s.
74
Suppose 2*l - 10 = 3*c, 9*l = 7*l - 4*c + 10. Suppose -4*w + 2*q + 1010 = 0, w = 2*w + l*q - 280. Calculate the greatest common divisor of w and 34.
17
Let l be (945/(-5))/((-4)/(-8)). Let s = l - -422. Calculate the greatest common divisor of s and 11.
11
Let k(m) = -134*m - 1203. Let z be k(-9). Calculate the greatest common factor of 939 and z.
3
Suppose -805 = 8*s - 3717. Let q = -130 + s. Calculate the greatest common factor of q and 36.
18
Suppose 3*c = 2*w - 122 - 49, -5*c - 2*w = 285. Let a = -50 - c. What is the highest common factor of a and 413?
7
Let r = -5925 + 6894. What is the greatest common divisor of 855 and r?
57
Let f(b) = b**2 + 2*b + 10. Let z = -43 + 43. Let s be f(z). Calculate the greatest common divisor of 230 and s.
10
Let i be (-2)/1 - (-19 + 15). Suppose 6 = 3*m - 2*g - 0*g, 4 = i*m + 4*g. Let x = -39 - -42. Calculate the highest common divisor of x and m.
1
Let j be (-8)/(-3) + (-10)/15. Suppose j*q - 7*q = -350. Suppose -2*i + 28 = 3*s, 0 = 5*s - 4*i + 143 - 197. What is the highest common divisor of q and s?
10
Let u(j) = 7*j**3 + j**2 - 11*j - 9. Let p be u(5). Suppose -48*w - p = -52*w. Calculate the greatest common factor of 19 and w.
19
Let b be (-2)/(-5) - (-560)/100. Suppose 16*o - b*o - 170 = 0. Calculate the highest common divisor of 136 and o.
17
Suppose 104841 - 11241 = 225*b. What is the greatest common divisor of 1144 and b?
104
Let h(q) = 2*q**2 - 33*q + 97. Let y(g) = -g**3 - 4*g**2 + 18*g + 85. Let n be y(-4). Let o be h(n). What is the highest common factor of 24 and o?
6
Suppose 12151 = -3*l + 23*l - 10049. Calculate the greatest common factor of 105 and l.
15
Let z be (13 + -1)/(((-1247)/(-406))/43). Calculate the greatest common divisor of 70 and z.
14
Let h be ((-54)/(-8))/((-15)/(-560)). Let t be ((-432)/28)/(96/(-168)). Calculate the greatest common divisor of h and t.
9
Let g(w) = 90*w - 260. Let a be g(5). Calculate the highest common divisor of a and 38.
38
Let i be 2*(-12 - -6)*-2. Suppose 6*a + 0*a = -60. Let f = a + 46. Calculate the highest common factor of i and f.
12
Suppose t = -13 + 4. Let u be t/30*-4*(-350)/(-15). Suppose 4*o = -3*a + 13, o - a + 14 - 19 = 0. Calculate the greatest common divisor of o and u.
4
Let b(c) = c**2 + 239*c + 5796. Let t be b(-27). Calculate the greatest common divisor of 184 and t.
8
Suppose 3*a = -4*v + 268, -5*a + 2*a - 2*v + 260 = 0. Suppose a*c = 87*c - 135. What is the greatest common divisor of c and 18?
9
Let c be -2 + 42/(-7) + (-125)/(-5). Calculate the greatest common factor of 391 and c.
17
Suppose -15*k + 61167 + 12479 = 3926. What is the greatest common divisor of k and 112?
56
Let o be (-88533)/(-216) + 4/32. Calculate the greatest common divisor of 902 and o.
82
Let w = -1986 - -1263. Let l be (9 + -2 - w)*8/10. Calculate the greatest common factor of l and 73.
73
Suppose -6*l + 256 = -103 - 427. What is the highest common factor of l and 11659?
131
Suppose -2*w = -3*r - 0*r + 239, -2 = 2*w. Let h = 379 - r. Let y be (24/(-20))/((-1)/h). What is the highest common factor of y and 40?
40
Let y be (-3)/5 - 2717/110*2. Let c = -34 - y. Let p(z) = -z**3 + 4*z**2 - 3*z + 4. Let j be p(-4). What is the highest common factor of j and c?
16
Suppose 4*x + 4*c = 1708 + 3884, 0 = -x + 2*c + 1404. Calculate the greatest common divisor of 60 and x.
20
Let s(u) = 6*u - 54. Suppose 65*b - 227 = 553. Let a be s(b). What is the greatest common divisor of 882 and a?
18
Let m be 155*(3720/50 + 0). Calculate the highest common divisor of 12 and m.
12
Suppose -4*l - 760 = -4*o, 0*l + o - 775 = 4*l. Let m = -189 - l. What is the highest common factor of m and 14?
2
Let v be (0/1 - 6)/(-1). Suppose 5*x = -20*x. Suppose v*o + o - 896 = x. What is the highest common factor of o and 16?
16
Let r(i) = -34*i - 10 + 0 - 54*i + 34*i. Suppose u - 13 = 5*h, -h = 4*h + 2*u + 4. Let y be r(h). Calculate the greatest common divisor of y and 14.
14
Let k be 50/15*4056/(-20). Let s be (k/(-10) - -1) + (-34)/(-85). What is the highest common factor of s and 3?
3
Suppose -77*o = -75*o + 60. Let g be 32/(6*(-2)/o). Calculate the highest common divisor of 32 and g.
16
Let a(r) = -2*r**3 - r**2 + 2*r - 1. Let o be a(-2). Suppose 5*b = 6*b + 3, t - 4*b = 187. Calculate the greatest common divisor of t and o.
7
Suppose 3532*n = 3546*n - 784. Calculate the greatest common factor of n and 6188.
28
Let m = 6009 - 1677. Calculate the greatest common divisor of 228 and m.
228
Let q be 1719/1 + 0*(-8)/40. Let u = q + -1017. What is the greatest common factor of 108 and u?
54
Let z(n) = -540*n + 1248. Let c be z(2). Calculate the greatest common divisor of c and 318.
6
Let n(f) = 1894*f**2 + 2*f - 2. Let l be n(-1). What is the greatest common divisor of 180 and l?
90
Let j = 12439 - 11991. W